of p?
3, 7
Suppose -9*v + 4 = -10*v. What are the prime factors of (-177)/12*1*v?
59
Suppose -3*p - 24 = -2*x + 27, 0 = -x + 2*p + 24. Let y = x + 13. List the prime factors of y.
43
Suppose l = -4*l. Suppose 0 = -l*i - 3*i + 15. Suppose -2*w = -i*w + 3*s + 45, 4*w + 4*s = 28. What are the prime factors of w?
11
Let d(z) = -3*z**3 - 6*z**2 - 5*z - 2. Let w be d(-3). List the prime factors of 2/(((-2)/w)/(16/(-32))).
2, 5
Suppose 17*k + 31 = 269. What are the prime factors of k?
2, 7
Let u = 3926 - 2623. What are the prime factors of u?
1303
Let l(a) be the second derivative of a**4/12 - 7*a**3/3 + a**2 - 6*a. Let i be l(10). What are the prime factors of (-2 + 1)*(i + 1)?
37
List the prime factors of (131/(-1) - -2)*(-96)/36.
2, 43
Let g = 139 - 27. List the prime factors of g.
2, 7
What are the prime factors of 681 + -1*(-2 - (-1 - 4))?
2, 3, 113
List the prime factors of 2922*(-8)/(-96)*2*1.
487
Suppose 3*j + 10380 = -99*r + 104*r, -j = -5. List the prime factors of r.
3, 7, 11
Let z(d) = -2*d**2 + 20*d + 9. Let r be z(9). Let o = 75 - r. What are the prime factors of o?
2, 3
Suppose 0*c + 9834 = 33*c. What are the prime factors of c?
2, 149
Suppose 19*g - 26 = 21*g. Let s = g - -81. What are the prime factors of s?
2, 17
Let z(m) = 27*m**3 - 12*m**2 - 9*m + 5. List the prime factors of z(4).
5, 7, 43
Let z = 7122 - 3289. List the prime factors of z.
3833
Let r = 89 - -136. Let h = 378 - r. What are the prime factors of h?
3, 17
List the prime factors of -7572*(-3)/(-4)*2/(-3).
2, 3, 631
Let a(c) be the second derivative of 2*c**3/3 - 7*c**2/2 + 3*c. Let q be a(3). Suppose 0 = 2*x - 8, -3*x - 150 = -q*b - 57. What are the prime factors of b?
3, 7
Let t(j) = j**3 + 60*j**2 + 96*j - 129. List the prime factors of t(-57).
2, 3, 691
Let k = -37 - -41. Suppose k*p = -2*q + 2*p + 148, 0 = 5*q - p - 382. What are the prime factors of q?
2, 19
Let t(m) = 3932*m**3 - 3*m**2 - m + 2. List the prime factors of t(1).
2, 3, 5, 131
Suppose 3*a = 10 + 8. Suppose 7*c = a*c + 47. What are the prime factors of c?
47
Suppose 2*t - 5500 = 3*p, 119*p = t + 115*p - 2755. List the prime factors of t.
41, 67
Suppose 79*t - 72200 = 137229. What are the prime factors of t?
11, 241
Let f(g) = -4*g + 4. Let n be f(3). What are the prime factors of (n/32)/((-1)/(-258))*-2?
3, 43
Let f = -65 - -117. Let l = f + 47. What are the prime factors of l?
3, 11
Suppose 11*m - 7*m + 4 = 0. Let n(r) = -68*r**3 + r**2 - 2*r - 2. List the prime factors of n(m).
3, 23
Let x(z) = -5*z - 16. Let f be x(-12). Let l = f + -29. What are the prime factors of l?
3, 5
Suppose -3*d + 10 + 2 = 0. Suppose 0 = c + k, 2*c + k + 2*k + d = 0. Suppose c*s = -4*h + 168, -s = -4*h + 3*h + 50. What are the prime factors of h?
2, 23
Suppose -2*l - 113 = 3*w + 69, l + w + 91 = 0. Let c = -40 - l. Let v = c - 31. List the prime factors of v.
2, 5
Suppose 2*z - 7*z + 32 = 3*a, 0 = 3*a - 5*z + 8. Let q be (12/10)/(a/10). Suppose 2*g - q*g + 2*s = -12, 5*g + 4*s - 18 = 0. What are the prime factors of g?
2, 3
Suppose 122*t - 107*t - 63585 = 0. List the prime factors of t.
3, 157
Let z be (-16)/24 - (-350)/(-6). Let y = 133 + z. List the prime factors of y.
2, 37
Let r = -55 + 48. List the prime factors of 10/35 - 509/r.
73
Let r(a) = 14*a + 669. What are the prime factors of r(-37)?
151
Let z = 3 - -2. Suppose 5*t + z*m = -60, -m = -1 + 4. List the prime factors of -2*t/10*5.
3
Let o be 76 + (1 - (-3 + 2)). Let u(i) = i**2 - 8*i - 6. Let a be u(8). List the prime factors of 16/a*o/(-8).
2, 13
Let m(d) = -d**2 + d + 9. Let r = -2 - -5. Suppose 2*b + b - 2*c = -2, 4*b + 3*c = r. What are the prime factors of m(b)?
3
Let w = -53 + 61. Suppose -3*x = -v - 44 - w, 5*v = 25. What are the prime factors of x?
19
Let j = 295 - 167. Let n = j - 84. List the prime factors of n.
2, 11
Suppose 9*x = -15206 + 56084. List the prime factors of x.
2, 3, 757
Let j be (-2 - 1158)/5 - 1. Let y = 345 + j. List the prime factors of (9 + -14)*y/(-10).
2, 7
Suppose -2*w - w = -1215. What are the prime factors of w?
3, 5
Suppose 0 = 5*y + 2 - 12. Suppose -y*d + 3 + 3 = 0. List the prime factors of d.
3
Let z(g) = -g**3 + 5*g**2 + 4*g - 1. Suppose -s - s - 2*n = -6, n = s + 1. Let a = s - -4. List the prime factors of z(a).
19
Suppose 2*n + 153 = 849. Suppose -n = 11*j - 13*j. List the prime factors of j.
2, 3, 29
Let o(t) = 137*t**2 + 7*t + 1. List the prime factors of o(2).
563
Let n be (-90)/135*(-1 + -1637). Suppose 7 = 5*o + 2, -o + 4 = -3*v. What are the prime factors of v/3 + n/63?
17
Let b be 65/(-10)*2*-1. Let d(q) = q - 11. Let r be d(b). Suppose 5*w = r*w + 72. What are the prime factors of w?
2, 3
Let q(k) = -k**2 - 42*k + 53. List the prime factors of q(-23).
2, 5, 7
Let g(u) = -4*u**3 - 2*u**2 + 6*u - 2. Let o(k) = -12*k**2 + 11*k + 3 + 8*k**2 - 7*k**3 - 7. Let v(x) = 5*g(x) - 3*o(x). What are the prime factors of v(-3)?
2
Let c(q) = -11*q + 130. What are the prime factors of c(-21)?
19
Suppose -18*c + 9440 = -5248. What are the prime factors of c?
2, 3, 17
Suppose 0 = 4*b - 12, 14*h + 3*b = 13*h + 15. List the prime factors of h.
2, 3
Suppose w + 9 = 4*w. Let l(x) = x**2 + 5*x. Let d be l(-6). List the prime factors of (68/8)/(w/d).
17
Let v = 1976 - 1336. What are the prime factors of v?
2, 5
Let u = -9 - -17. Suppose -g + 2*g + 2 = -b, -5*b = 4*g + u. Suppose -3*m = -2*y - 2*y + 65, b = -y + 2*m + 20. List the prime factors of y.
2, 7
Suppose -15 = 5*c + 4*l + 607, 0 = -3*c + 4*l - 386. Let m = c + 210. What are the prime factors of m?
2, 3, 7
Suppose 12 = -4*y, 0 = 5*c - 0*y - y - 2098. List the prime factors of c.
419
Let l(u) = 6*u. Let m be l(1). Let w = m + -6. Let y = 38 + w. List the prime factors of y.
2, 19
Suppose -o - 5*p = -10*p - 1, 4*o + 5*p - 29 = 0. Suppose 2*l + 3 = -5. Let t = l + o. What are the prime factors of t?
2
Let s be ((-3 - 1) + -6)*50/(-4). Suppose 0 = -2*h - 104 - 34. Let i = h + s. List the prime factors of i.
2, 7
Let m(u) = -15*u**3 + u**2 + 3*u + 2. Suppose -2 = o - 4. Suppose 0 = 2*i - 5*z + o, -i + 2*z = -0*i + 1. List the prime factors of m(i).
3, 5
Suppose f - 4 = -y, -y + 14 = 3*y + 2*f. Let c(m) = m - 1. Let k be c(y). What are the prime factors of 26 - k*4/(-8)?
3
Suppose j = 2*m + 5, 0*j = -4*m - 5*j + 25. Suppose m = -3*a - 12 - 66. List the prime factors of -1*a/6*3.
13
Let r be ((-6)/7)/(21/(-98)). Suppose 0 = 3*q + 3, 0*q = h - q - r. Let y = 1 + h. What are the prime factors of y?
2
Suppose 3*d = 3*i + 3 + 9, -3*i - 20 = -d. Let m be 8/(-20) + (-716)/10. Let u = i - m. What are the prime factors of u?
2
Suppose -5248 = -5*x + 11482. What are the prime factors of x?
2, 7, 239
List the prime factors of ((-1404)/42)/(11/(-77)).
2, 3, 13
Let f = 448 + 201. Suppose 3*z = -238 + f. Suppose 0 = 4*y + 5*o - z, 0 = -2*y - 0*o + o + 65. What are the prime factors of y?
3, 11
Let g(f) = f**3 + 4*f**2 - 2*f + 4. Let z be g(-4). Suppose -z = -t - t. What are the prime factors of 2*t/(-4) + 23?
2, 5
Suppose 0 = -4*d + 4. Let b = 739 + -738. List the prime factors of -3 + d + (b - -44).
43
Let d(m) = -2 + 1 + 5 - 7*m. Suppose -13 = 4*i - 1. What are the prime factors of d(i)?
5
Let u(k) = 6*k - 81. Let c be (-14)/(-2*(-3)/(-6)). List the prime factors of u(c).
3
Suppose 0 = 3*k - 6*k + 834. Suppose 2*a = -88 + k. What are the prime factors of a?
5, 19
Suppose -34 = -5*s - 19. What are the prime factors of -4 - 2744/(-12) - s/(-9)?
3, 5
Let z(y) = 2*y + 14. Let f be z(-11). List the prime factors of (-4 - -2)*108/f.
3
Let f(p) = -41*p - 167. What are the prime factors of f(-24)?
19, 43
Let q(h) = -h - 1. Let p be q(-1). Suppose -4*z + 12 = -p*z. Suppose -7*i + 120 = -z*i. What are the prime factors of i?
2, 3, 5
Let t(b) = -b**3 + 8*b**2 + 25*b + 108. What are the prime factors of t(-8)?
2, 233
Suppose 3*x = x + 1134. List the prime factors of x.
3, 7
List the prime factors of 1929*(80/(-30))/(-8).
643
Let x = -162 - -325. What are the prime factors of x?
163
What are the prime factors of ((-3318)/3)/((-6)/3)?
7, 79
Suppose 6*f + 1215 = -819. Let v = 489 + f. What are the prime factors of v?
2, 3, 5
Let l be 138/9 - 20/15. Let h(g) = -g**3 + 14*g**2 + 4*g + 24. What are the prime factors of h(l)?
2, 5
List the prime factors of -2 + 483 + 7/(-7).
2, 3, 5
Let v(q) = q**3 - 21*q**2 - 